{"id":27,"date":"2022-08-03T18:24:16","date_gmt":"2022-08-03T16:24:16","guid":{"rendered":"https:\/\/sv-berger.de\/?page_id=27"},"modified":"2022-08-03T23:26:15","modified_gmt":"2022-08-03T21:26:15","slug":"mit-herz-und-sachverstand-stehen-wir-ihnen-zur-seite","status":"publish","type":"page","link":"https:\/\/sv-berger.de\/","title":{"rendered":"Mit Herz und Sachverstand stehen wir Ihnen zur Seite!"},"content":{"rendered":"\n<h1 class=\"alignwide has-text-align-center wp-block-heading\">Mit Herz und Sachverstand<br>stehen wir Ihnen zur Seite!<\/h1>\n\n\n\n<hr class=\"wp-block-separator alignwide has-alpha-channel-opacity is-style-twentytwentyone-separator-thick full-width\"\/>\n\n\n\n<p>Diese Seite befindet sich noch im Aufbau, daher bitten wir um Verst\u00e4ndnis, dass noch nicht alle Angaben vollst\u00e4ndig vorhanden sind.<\/p>\n\n\n\n<p>F\u00fcr alle Belange und Fragen rund um Ihr Kfz. oder auch Ihren Fuhrpark mit Fahrzeugen aller Art steh\u00aden wir, das Team vom Kfz.-Sachverst\u00e4ndigen- und Ingenieurb\u00fcro Berger, unseren Kunden mit un\u00adserer \u00fcber 40-j\u00e4h\u00adri\u00adgen Erfahrung als kompetent neutrale Ansprechpartner zur Verf\u00fcgung. Sei es bei der Be\u00adur\u00adtei\u00adlung von Unfallsch\u00e4den oder aber auch bei Bewertungen aller erdenklich notwendigen Fzg.- und Ger\u00e4tewertsch\u00e4tzungen. Weiterhin geh\u00f6ren sowohl Schadendiagnosen und technische Fzg.-Gutachten sowie Schadenplausibilit\u00e4tspr\u00fcfungen mit Un\u00adfall\u00adre\u00adkons\u00adtruk\u00adtio\u00adnen als auch Re\u00adpa\u00adra\u00adtur\u00ademp\u00adfeh\u00adlung\u00aden, -\u00fcberwachungen aber auch Rechnungspr\u00fcfungen zu un\u00adserem Leis\u00adtungsspektrum. Sprechen Sie uns an und lassen sich kostenfrei vorab von uns beraten.<\/p>\n","protected":false},"excerpt":{"rendered":"<p>Mit Herz und Sachverstandstehen wir Ihnen zur Seite! Diese Seite befindet sich noch im Aufbau, daher bitten wir um Verst\u00e4ndnis, dass noch nicht alle Angaben vollst\u00e4ndig vorhanden sind. F\u00fcr alle Belange und Fragen rund um Ihr Kfz. oder auch Ihren Fuhrpark mit Fahrzeugen aller Art steh\u00aden wir, das Team vom Kfz.-Sachverst\u00e4ndigen- und Ingenieurb\u00fcro Berger, unseren&hellip; <a class=\"more-link\" href=\"https:\/\/sv-berger.de\/\"><span class=\"screen-reader-text\">Mit Herz und Sachverstand stehen wir Ihnen zur Seite!<\/span> weiterlesen<\/a><\/p>\n","protected":false},"author":1,"featured_media":0,"parent":0,"menu_order":0,"comment_status":"closed","ping_status":"closed","template":"","meta":{"footnotes":""},"class_list":["post-27","page","type-page","status-publish","hentry","entry"],"_links":{"self":[{"href":"https:\/\/sv-berger.de\/index.php?rest_route=\/wp\/v2\/pages\/27","targetHints":{"allow":["GET"]}}],"collection":[{"href":"https:\/\/sv-berger.de\/index.php?rest_route=\/wp\/v2\/pages"}],"about":[{"href":"https:\/\/sv-berger.de\/index.php?rest_route=\/wp\/v2\/types\/page"}],"author":[{"embeddable":true,"href":"https:\/\/sv-berger.de\/index.php?rest_route=\/wp\/v2\/users\/1"}],"replies":[{"embeddable":true,"href":"https:\/\/sv-berger.de\/index.php?rest_route=%2Fwp%2Fv2%2Fcomments&post=27"}],"version-history":[{"count":6,"href":"https:\/\/sv-berger.de\/index.php?rest_route=\/wp\/v2\/pages\/27\/revisions"}],"predecessor-version":[{"id":112,"href":"https:\/\/sv-berger.de\/index.php?rest_route=\/wp\/v2\/pages\/27\/revisions\/112"}],"wp:attachment":[{"href":"https:\/\/sv-berger.de\/index.php?rest_route=%2Fwp%2Fv2%2Fmedia&parent=27"}],"curies":[{"name":"wp","href":"https:\/\/api.w.org\/{rel}","templated":true}]}}